*w**3 - w**2. Let q be p(-1). Let d = 2 + q. Determine y(d).
2
Let h(r) = 5*r**2 - 5*r. Let z(v) = -14*v**2 + 14*v + 1. Let p(n) = -8*h(n) - 3*z(n). Calculate p(3).
9
Let w(c) be the second derivative of 0 - 2*c**2 - 1/6*c**3 - 3*c. Calculate w(-6).
2
Suppose -2*i - 2 = 0, -3*m + 7 + 1 = 4*i. Let p be (0 + -1 + -1)*-2. Let z(t) = 3 - 5*t + p*t - m. What is z(0)?
-1
Let i = -14 - -21. Let v(z) = 2*z - 6. Calculate v(i).
8
Let k(x) be the second derivative of x**7/315 - x**6/360 + x**5/120 - x**4/6 + 2*x. Let c(t) be the third derivative of k(t). Let d = -2 + 3. Determine c(d).
7
Suppose -5*r - 10 = -5. Let w(f) = 8*f - 4. Let n(g) = 7*g - 3. Let h be (-15)/10*(2 - 0). Let q(s) = h*w(s) + 4*n(s). Give q(r).
-4
Suppose 6*v + 1 = -3*x + v, -2*x - 2 = 4*v. Let j(a) = -3*a + 4*a - x*a - 7 + a. Suppose -b + 4*d = 5*d + 4, 2*b - 4*d + 14 = 0. Give j(b).
-2
Let p(y) be the second derivative of -y**3/6 + 3*y**2/2 - 31*y. Calculate p(-3).
6
Let j(m) be the second derivative of m**6/720 - m**5/120 - 5*m**4/12 + 3*m. Let n(x) be the third derivative of j(x). What is n(5)?
4
Let g(f) = -7*f**2 - 2*f - 1. Let h = -38 - -37. Calculate g(h).
-6
Let u = -16 - -23. Let v(o) = -o**2 + 5*o + 10. Give v(u).
-4
Let d be (-1)/3 - (-21)/9. Let r be (d + 2)/((-2)/(-3)). Let h = 1 - r. Let g(p) = p - 2. What is g(h)?
-7
Suppose -4*x + 24 = -8*x. Let b(f) = -f - 7. Give b(x).
-1
Let f(l) = l**3 - 2*l**2 + 4*l + 1. Let s(x) = x**2 - 1. Suppose -3*d = -n + 5, -2*d - 5 - 5 = n. Let j(k) = n*s(k) + f(k). Give j(5).
0
Suppose 13*b - 4*b = 18. Let t(r) = -3*r + 1. Calculate t(b).
-5
Suppose 6*n + 5 = -1. Let v(b) = 6*b - 1. What is v(n)?
-7
Let r(i) be the third derivative of 1/6*i**3 + 0*i + 0 - 1/24*i**4 - 1/120*i**6 + 0*i**5 + 3*i**2. Suppose 4 - 16 = -c + 4*o, 3*o + 9 = 5*c. Give r(c).
1
Let p(h) = h**2 + 4*h + 5. Let z(m) be the first derivative of -m**2 + 10*m + 6. Let o be (-7)/(-2 - (-2)/2). Let s be z(o). Calculate p(s).
5
Let a(n) = 4*n - 2. Let p(q) = 0 - 6 + 2*q**2 - 3*q**2 + 0*q**2 - 6*q. Let w be p(-4). Determine a(w).
6
Suppose g = -2 + 3. Let c = 6 - g. Suppose 0 = c*s - 5. Let b(a) = 5*a - 1. Calculate b(s).
4
Let n(l) = -4*l**3 - 8*l**2 + 11*l + 3. Let r(k) = -11*k**3 - 23*k**2 + 32*k + 8. Let z(t) = -8*n(t) + 3*r(t). What is z(-6)?
-12
Let n(x) = -2*x**2 - 2*x + 1. Let q = 8 - 4. Suppose 0*j + q = 4*j. Let h = j - 4. Calculate n(h).
-11
Let q(m) be the first derivative of -13*m**4/24 - m**3/6 + 5*m**2/2 - 3. Let a(i) be the second derivative of q(i). Give a(1).
-14
Suppose 5*d + 3*h - 11 = 0, d + 4 = -d - 4*h. Let l(i) = -i - 1. Calculate l(d).
-5
Suppose 4*a - 3*a = 12. Let q = a - 13. Let m(o) = -o**2 + o + 1. Give m(q).
-1
Let r be -163 + 2*(3 + -4). Let m be (-2)/7 - r/(-35). Let n(s) = -s**2 - 7*s - 4. Determine n(m).
6
Let g(k) = k**3 + k**2 - 1. Let i be (2*(-2)/12*0)/(-2). Determine g(i).
-1
Let r(z) = z + 2. Let p be (0 + 0 + -1)*5. Let m be r(p). Let k be m - (-3 + (1 - 0)). Let v(a) = -4*a**2 - a - 1. What is v(k)?
-4
Let i be -1 + (0 + 2 - 13). Let l be (-8)/i + (-1)/(-3). Let p(f) = -6 + f + l + f. Determine p(4).
3
Let q = 12 + -17. Let p(z) = -z**2 - 8*z - 7. What is p(q)?
8
Let j(w) = 8*w**2 + 4*w**2 + w + 1 - w**2 - 8*w**2. Give j(-3).
25
Let i(n) be the second derivative of 7*n**4/12 - 7*n**3/3 + 2*n**2 - 9*n. Let g(t) = t**2 - t. Let s(o) = -6*g(o) + i(o). What is s(6)?
-8
Let o(y) = y**3 - 2. Let z = 18 - 15. Suppose -4*d - z*n - 15 = 0, 2*d - d = n + 5. Give o(d).
-2
Let w(t) be the third derivative of t**6/120 - t**5/12 + t**4/24 + t**3/3 + 20*t**2. What is w(4)?
-10
Suppose -2*m + 5 = -4*a - 1, 4*m - 5*a = 9. Let t(j) be the second derivative of -7*j**5/10 + j**4/6 - j**3/3 + j**2/2 + 18*j. What is t(m)?
-13
Let l(x) = x**2 + 6*x + 7. Let f(p) = -p**2 - 5*p - 7. Let m(w) = -7*f(w) - 6*l(w). What is m(0)?
7
Suppose -15 = 2*j - 17. Let f(v) be the third derivative of v**5/60 - v**4/24 + v**3/6 - v**2. Determine f(j).
1
Let m(v) = -3*v**2 - 4*v - 3. Let w(i) = -4*i**2 - 3*i - 4. Let s(d) = -3*m(d) + 2*w(d). Let x = 3 + -9. What is s(x)?
1
Suppose 0 = 3*j - 43 + 13. Let o = j + -5. Suppose o*u - 3 = 7. Let m(w) = -4*w + 2. Determine m(u).
-6
Suppose 0 = -3*o - 12, -8 = 4*c + 5*o + 4. Let y = 0 - -3. Let u(r) = -4*r + c*r + 3*r - y. What is u(5)?
2
Let g(q) be the third derivative of -q**6/120 + q**5/60 + q**4/8 + q**3/2 - 4*q**2. Determine g(-2).
9
Let c(y) = -6*y - 14. Let o(f) = 7*f + 15. Let p(j) = 6*c(j) + 5*o(j). Determine p(-4).
-5
Suppose 4 = -r - 0*r. Let m = 10 + -6. Let z(w) = -3 - 3*w**3 + 4*w**2 + m*w**3 - 3 + 2 - 2*w. What is z(r)?
4
Let v(l) = -3*l - 87. Let i be v(-29). Let m(a) = -a**2 + 6*a - 2. Let s(n) = n**2 - 5*n + 1. Let o(t) = -5*m(t) - 6*s(t). Calculate o(i).
4
Let l(c) = 2*c + 0*c**2 + 12 - 5*c - 4*c - c**2. Give l(-9).
-6
Let m be 3/((-30)/(-8))*-5. Let r = m + 6. Let q(p) = -2*p**2 + r*p + 2*p + p**2. What is q(4)?
0
Let y(m) = -m - 3. Let n be y(-2). Let o(x) = 2*x**2 + 7*x + 8. Let k be o(-4). Let p(w) = -12 + k - w - 8*w**3. Give p(n).
9
Suppose -33 - 3 = -r. Let s be 8/r + (-94)/18. Let m(l) = l**3 + 4*l**2 - l + 6. Determine m(s).
-14
Let f be (-14)/(-28) + (-6)/(-4). Suppose -3 = -f*x + 3. Let p(u) = -u**3 + u**2 + u - 2. What is p(x)?
-17
Suppose 2*u = 6*u - 20. Let p(a) = 3*a - 7. What is p(u)?
8
Let u(x) = -x**2 + 6*x - 1. Suppose -44 = -l - 3*l. Let m be (0 - -1)*(l - 5). Let n be u(m). Let i(y) = -7*y**2 - y. What is i(n)?
-6
Suppose 3*q - 1 - 8 = 0. Let r(i) = 3*i**2 - i**3 - i - 3 + 0 + 0*i**3. Determine r(q).
-6
Let d be (-262)/(-14) + (-6)/(-21). Suppose 5*w + 3*o = -d, -5*w - 3*o - 25 = 2*o. Let h(a) = -2*a**3 - 4*a**2 - 3*a - 1. Calculate h(w).
5
Let z(f) = -f + 2. Let t(h) = 1. Let n(y) = -6*t(y) - z(y). Calculate n(7).
-1
Let l be (-18)/(-81) - 56/9. Let y(x) = -3*x**2 + 7*x + 9. Let z(w) = 2*w**2 - 3*w - 4. Let n(h) = 3*y(h) + 5*z(h). Calculate n(l).
7
Suppose l + 3*r = 10 + 4, -5*r + 40 = 5*l. Suppose -4*h - l*w + 39 = 0, 5*h - 15 - 12 = w. Let p(t) = -t + 7. Determine p(h).
1
Let l(j) = 4 + j + 2 + 0*j. Suppose 3 = -223*d + 222*d. Calculate l(d).
3
Suppose -4*z = 5*s - 12, -2*s + 0 + 15 = 5*z. Let v be 3/z + 0/(-1). Let a(k) = -5*k**2 - k. Calculate a(v).
-6
Let i(u) = -u**2 - 15*u - 5. Let s be i(-15). Let n(v) = -2*v - 1. Calculate n(s).
9
Let a(n) = -n**3 - 23*n**2 + 24*n - 2. Let q be a(-24). Let l(z) = z**3 + 3*z**2 + 4*z + 2. What is l(q)?
-2
Let d(p) = -p**2 + 5*p - 6. Let l(n) = n - 2. Let h be l(4). Let v(i) = i + 3 - 4 + i**h + 0. Let q be v(2). Give d(q).
-6
Let w(g) = -g**2 + 2. Let u = 1 - 1. Let d be w(u). Let b(q) = -q + 1. Let z(o) = -o + 1. Let y(r) = 4*b(r) - 3*z(r). Determine y(d).
-1
Suppose 0 = c + x, -3*c + x + 32 = -4*x. Let j(a) = a**3 - 5*a**2 + 2*a + 2. Determine j(c).
-6
Suppose -3*y = 9, -3*z - z + y = -3. Let h(a) be the second derivative of -1/6*a**3 - 1/2*a**2 - 1/12*a**4 + a + z. Give h(0).
-1
Let p(b) be the second derivative of b**8/6720 + b**7/2520 - b**6/240 - b**5/60 + b**4/12 - 3*b. Let j(l) be the third derivative of p(l). Determine j(-2).
0
Let z(c) = 6*c - 2. Let f be z(0). Let k(h) = 2*h**2 + 3*h + 3. Determine k(f).
5
Let l(n) = -3*n**2 - 1 + 5*n**3 - 4*n**3 - 2*n + 0*n**3. Calculate l(-2).
-17
Let i(c) = 3*c - 3. Let u(x) = -4*x + 3. Let g(p) = -3*i(p) - 2*u(p). Let y(s) = -3*s + 7*s - 2 - 3*s. Let m(t) = 3*g(t) + 5*y(t). Determine m(-1).
-3
Let w(y) = 2*y**2 + 6*y + 3. Let h be w(-4). Suppose 2*x = 5*d + h + 3, 0 = -d - 5*x + 8. Let a(v) = v**3 + 2*v**2 + 2*v - 2. Calculate a(d).
-6
Suppose 4*n + 1 = -2*x - 3, 0 = -5*x + 3*n - 36. Let r(i) = i**2 + 3 + 4*i - 8 - 3. Determine r(x).
4
Suppose 3*w = 2*f - 6, -2*f + w = -0*w - 10. Let l(a) be the second derivative of a**4/12 - 7*a**3/6 + 2*a**2 + 2*a. Determine l(f).
-2
Let c(m) = m**3 - m**2 + m. Let n(w) = -13*w**3 + 6*w**2 - 5*w. Let i(f) = 6*c(f) + n(f). Determine i(-1).
6
Let y = -4 - -7. Let t(o) = -2*o + 2. Let z(i) be the third derivative of -5*i**4/24 + 7*i**3/6 + 5*i**2. Let r(u) = y*z(u) - 8*t(u). Give r(0).
5
Let i(z) = -2*z**2 + z - 1. Let x = 0 - 0. Suppose -6*y + 3*y + 30 = x. Let c be ((-16)/20)/((-4)/y). Give i(c).
-7
Let k(u) be the first derivative of u**4/4 - 2*u**3/3 - 3*u**2/2 - 2*u + 5. What is k(3)?
-2
Let w(o) = o + 13. Let s be w(-11). Let m(z) = z + 2*z**2 - z**2 + z + 